e the prime factors of 133749070?
2, 5, 7, 13, 146977
List the prime factors of 280526248.
2, 17, 2062693
What are the prime factors of 3321618474?
2, 3, 17, 32564887
List the prime factors of 125398514.
2, 62699257
List the prime factors of 1076684435.
5, 215336887
What are the prime factors of 5575057032?
2, 3, 23, 10099741
List the prime factors of 20810499.
3, 17, 408049
List the prime factors of 1508976138.
2, 3, 73, 337, 10223
What are the prime factors of 164607824?
2, 53, 194113
List the prime factors of 27384958.
2, 37, 370067
What are the prime factors of 409945082?
2, 307, 449, 1487
What are the prime factors of 9958272?
2, 3, 25933
List the prime factors of 36844836.
2, 3, 7, 433, 1013
What are the prime factors of 1106662754?
2, 3019, 183283
What are the prime factors of 30825920?
2, 5, 96331
What are the prime factors of 225298705?
5, 17, 2650573
List the prime factors of 12142735.
5, 11, 23, 29, 331
What are the prime factors of 132495509?
1063, 124643
List the prime factors of 844944791.
3331, 253661
List the prime factors of 15815455.
5, 283, 11177
List the prime factors of 287984622.
2, 3, 47997437
What are the prime factors of 12283172?
2, 11, 107, 2609
List the prime factors of 25083379.
25083379
What are the prime factors of 69716708?
2, 17429177
What are the prime factors of 44432885?
5, 7, 701, 1811
What are the prime factors of 46433696?
2, 1451053
List the prime factors of 114453177.
3, 2063, 18493
What are the prime factors of 2101388140?
2, 5, 29, 1499, 2417
What are the prime factors of 2334661937?
2334661937
List the prime factors of 667253943.
3, 23, 277, 431
List the prime factors of 35606217.
3, 1523, 7793
What are the prime factors of 313016010?
2, 3, 5, 61, 171047
What are the prime factors of 2337453556?
2, 17, 34374317
List the prime factors of 78286735.
5, 15657347
What are the prime factors of 1999935172?
2, 499983793
What are the prime factors of 1699784719?
223, 7622353
What are the prime factors of 2239066926?
2, 3, 124392607
List the prime factors of 44783058.
2, 3, 7463843
What are the prime factors of 87148210?
2, 5, 8714821
What are the prime factors of 99478231?
1559, 63809
List the prime factors of 1085550537.
3, 643, 562753
List the prime factors of 99399123.
3, 23, 67, 2389
List the prime factors of 730561203.
3, 81173467
List the prime factors of 114542896.
2, 13, 379, 1453
What are the prime factors of 409596255?
3, 5, 9102139
What are the prime factors of 2089923560?
2, 5, 17, 53, 103, 563
What are the prime factors of 51595650?
2, 3, 5, 38219
What are the prime factors of 179494691?
19, 23, 431, 953
What are the prime factors of 66543259?
71, 937229
List the prime factors of 12979453.
12979453
List the prime factors of 130847909.
131, 998839
List the prime factors of 23964969.
3, 7, 163027
What are the prime factors of 424766996?
2, 106191749
What are the prime factors of 1427433239?
727, 1963457
What are the prime factors of 452642742?
2, 3, 107, 26113
List the prime factors of 662543484.
2, 3, 43, 709, 1811
What are the prime factors of 138475855?
5, 7, 3956453
What are the prime factors of 254565791?
1129, 225479
List the prime factors of 65292323.
65292323
List the prime factors of 4170253650.
2, 3, 5, 29, 958679
What are the prime factors of 642753725?
5, 409, 62861
List the prime factors of 413954933.
7, 59136419
List the prime factors of 35792101.
2393, 14957
What are the prime factors of 153127756?
2, 37, 191, 5417
What are the prime factors of 920045537?
307, 2996891
What are the prime factors of 1722020305?
5, 127, 193, 14051
What are the prime factors of 26660081?
7, 179, 21277
List the prime factors of 62357677.
19, 61, 173, 311
List the prime factors of 168359628.
2, 3, 131, 107099
List the prime factors of 782553385.
5, 1741, 89897
What are the prime factors of 573682986?
2, 3, 17, 208309
List the prime factors of 1614307031.
137, 11783263
List the prime factors of 888686910.
2, 3, 5, 59, 55787
What are the prime factors of 131675735?
5, 26335147
What are the prime factors of 153949223?
153949223
List the prime factors of 75000801.
3, 25000267
What are the prime factors of 884393832?
2, 3, 7, 37, 73, 1949
What are the prime factors of 166714345?
5, 7, 4763267
List the prime factors of 2007854111.
3467, 579133
List the prime factors of 662132696.
2, 82766587
List the prime factors of 175489578.
2, 3, 11, 98479
List the prime factors of 171338709.
3, 241, 236983
What are the prime factors of 53032904?
2, 6629113
List the prime factors of 326156884.
2, 8311, 9811
What are the prime factors of 3794218478?
2, 79, 24014041
What are the prime factors of 5323708318?
2, 2661854159
List the prime factors of 3903207948.
2, 3, 367, 295429
What are the prime factors of 19273421?
67, 347, 829
List the prime factors of 23784581.
17, 439, 3187
List the prime factors of 2026095067.
79, 829, 30937
What are the prime factors of 1621042069?
1621042069
List the prime factors of 4042497891.
3, 29, 1627, 28559
List the prime factors of 1114182358.
2, 389, 1432111
What are the prime factors of 144975283?
947, 153089
What are the prime factors of 61364437?
23, 151, 17669
List the prime factors of 54279761.
223, 401, 607
What are the prime factors of 1589421330?
2, 3, 5, 7, 353, 1021
List the prime factors of 59726091.
3, 19908697
List the prime factors of 2346384763.
4507, 520609
List the prime factors of 58083398.
2, 31, 227, 4127
What are the prime factors of 1617761852?
2, 7, 8253887
List the prime factors of 3810736194.
2, 3, 31, 967, 21187
What are the prime factors of 11947800?
2, 3, 5, 19913
List the prime factors of 475328263.
19, 89, 181, 1553
What are the prime factors of 78548794?
2, 1087, 36131
List the prime factors of 1139785015.
5, 19, 47, 397, 643
What are the prime factors of 2489182708?
2, 421, 659, 2243
What are the prime factors of 1113928500?
2, 3, 5, 742619
List the prime factors of 2096704623.
3, 13, 31, 1734247
List the prime factors of 3371253680.
2, 5, 17, 53, 46771
List the prime factors of 213308991.
3, 7, 19, 191, 311
List the prime factors of 4681519521.
3, 7, 23, 43, 53, 4253
List the prime factors of 139529727.
3, 17, 911959
What are the prime factors of 1061096001?
3, 7, 101, 211, 2371
List the prime factors of 109795845.
3, 5, 7319723
What are the prime factors of 77961883?
19, 73, 56209
What are the prime factors of 33407093?
33407093
What are the prime factors of 715117006?
2, 79, 4526057
What are the prime factors of 102705296?
2, 17, 377593
What are the prime factors of 1780467920?
2, 5, 7, 11, 157, 263
List the prime factors of 2174447566.
2, 461, 2358403
List the prime factors of 389174998.
2, 61, 71, 179, 251
What are the prime factors of 296375315?
5, 3769, 15727
List the prime factors of 25753698.
2, 3, 23, 62207
What are the prime factors of 142165103?
109, 1304267
List the prime factors of 308861646.
2, 3, 4643, 11087
List the prime factors of 11122381.
277, 40153
List the prime factors of 738653150.
2, 5, 14773063
List the prime factors of 4805578566.
2, 3, 3943, 67709
What are the prime factors of 69235507?
11, 6294137
List the prime factors of 196062486.
2, 3, 311, 105071
List the prime factors of 3103166025.
3, 5, 29, 158527
What are the prime factors of 2417573465?
5, 483514693
List the prime factors of 1780790993.
1780790993
What are the prime factors of 2142593946?
2, 3, 17, 73, 95917
What are the prime factors of 265774607?
7, 3673, 10337
What are the prime factors of 38367683?
38367683
List the prime factors of 23849955.
3, 5, 529999
What are the prime factors of 52624776?
2, 3, 43, 50993
List the prime factors of 64824419.
11, 23, 23293
List the prime factors of 106006909.
19, 643, 8677
List the prime factors of 116542042.
2, 157, 371153
List the prime factors of 5327576011.
1123, 4744057
What are the prime factors of 46294878?
2, 3, 7, 1102259
What are the prime factors of 2868559829?
2868559829
What are the prime factors of 462733636?
2, 157, 239, 3083
What are the prime factors of 657370366?
2, 67, 859, 5711
List the prime factors of 27636720.
2, 3, 5, 115153
List the prime factors of 253352772.
2, 3, 260651
What are the prime factors of 1993416832?
2, 11, 1415779
List the prime factors of 646004648.
2, 1657, 48733
List the prime factors of